ctors of 28692754.
2, 14346377
List the prime factors of 1552426345.
5, 1531, 202799
List the prime factors of 569687035.
5, 1483, 76829
What are the prime factors of 420991391?
420991391
List the prime factors of 448521123.
3, 149507041
What are the prime factors of 76762400?
2, 5, 11, 13, 61
List the prime factors of 611714319.
3, 7867, 25919
List the prime factors of 219254929.
23, 9532823
List the prime factors of 6179981269.
7, 11, 79, 997, 1019
List the prime factors of 536053563.
3, 3769, 15803
What are the prime factors of 97437075?
3, 5, 113, 11497
What are the prime factors of 5089439892?
2, 3, 71, 5973521
List the prime factors of 43339435.
5, 1049, 8263
List the prime factors of 707061966.
2, 3, 13, 9064897
What are the prime factors of 63793388?
2, 29, 549943
What are the prime factors of 588142111?
588142111
List the prime factors of 878112456.
2, 3, 13, 251, 11213
What are the prime factors of 101576474?
2, 139, 191, 1913
What are the prime factors of 125368027?
163, 877
What are the prime factors of 156200604?
2, 3, 7, 1859531
List the prime factors of 343508624.
2, 21469289
What are the prime factors of 324590495?
5, 64918099
List the prime factors of 460235783.
7, 41, 107, 2141
What are the prime factors of 61190175?
3, 5, 815869
List the prime factors of 125210440.
2, 5, 17, 184133
List the prime factors of 1055755404.
2, 3, 11, 888683
What are the prime factors of 45876079?
113, 181, 2243
List the prime factors of 248524268.
2, 127, 281, 1741
List the prime factors of 5474378705.
5, 19, 877, 65707
List the prime factors of 82162900.
2, 5, 23, 139, 257
What are the prime factors of 929364805?
5, 43, 53, 81559
What are the prime factors of 600735027?
3, 19, 10539211
List the prime factors of 85483759.
67, 1275877
What are the prime factors of 4225733143?
443, 2377, 4013
List the prime factors of 42563284.
2, 10640821
List the prime factors of 98093143.
19, 683, 7559
List the prime factors of 1892536296.
2, 3, 7, 43, 53, 4943
What are the prime factors of 414444687?
3, 41, 3369469
List the prime factors of 130701958.
2, 65350979
List the prime factors of 2379881983.
89, 2521, 10607
List the prime factors of 87627653.
2711, 32323
List the prime factors of 257064803.
17, 31, 487789
List the prime factors of 1543890702.
2, 3, 659, 390463
List the prime factors of 1249192609.
7, 8951, 19937
What are the prime factors of 265040880?
2, 3, 5, 13, 17, 19, 263
List the prime factors of 237692807.
11, 21608437
What are the prime factors of 90759724?
2, 11, 2062721
What are the prime factors of 53994268?
2, 13498567
List the prime factors of 340924436.
2, 1657, 51437
What are the prime factors of 30360819?
3, 83, 121931
What are the prime factors of 1833029442?
2, 3, 31, 3284999
List the prime factors of 21263529.
3, 7, 1012549
List the prime factors of 413013291.
3, 661, 208277
List the prime factors of 532947229.
17, 71, 441547
What are the prime factors of 2694446358?
2, 3, 449074393
What are the prime factors of 204999728?
2, 487, 26309
List the prime factors of 1104489411.
3, 368163137
List the prime factors of 3878363545.
5, 7, 103, 787, 1367
What are the prime factors of 18228855?
3, 5, 79, 15383
List the prime factors of 284246435.
5, 11, 5168117
What are the prime factors of 2653598329?
53, 50067893
What are the prime factors of 603628279?
1789, 337411
What are the prime factors of 205940427?
3, 7, 11, 81047
What are the prime factors of 39654945?
3, 5, 11, 80111
What are the prime factors of 106663266?
2, 3, 283, 20939
What are the prime factors of 6074135085?
3, 5, 61, 1171, 5669
What are the prime factors of 59673927?
3, 17, 19, 61583
What are the prime factors of 655294299?
3, 11, 197, 100799
What are the prime factors of 82466828?
2, 20616707
List the prime factors of 2321422480.
2, 5, 13, 1297, 1721
List the prime factors of 90944106.
2, 3, 11, 1069, 1289
What are the prime factors of 735083265?
3, 5, 7, 7000793
What are the prime factors of 80384166?
2, 3, 4465787
List the prime factors of 74832492.
2, 3, 7, 890863
What are the prime factors of 406593514?
2, 29, 2087, 3359
List the prime factors of 5034009700.
2, 5, 149, 337853
List the prime factors of 177881353.
13, 17, 804893
What are the prime factors of 29545780?
2, 5, 11, 29, 421
What are the prime factors of 52945405?
5, 79, 134039
What are the prime factors of 136751234?
2, 68375617
List the prime factors of 52767665.
5, 43, 83, 2957
What are the prime factors of 318824385?
3, 5, 11, 233, 8293
What are the prime factors of 861172607?
2083, 413429
What are the prime factors of 52444832?
2, 11, 148991
What are the prime factors of 76115255?
5, 15223051
List the prime factors of 33642623.
7, 89, 54001
What are the prime factors of 741312225?
3, 5, 101, 32621
What are the prime factors of 144350880?
2, 3, 5, 31, 89, 109
List the prime factors of 107605305.
3, 5, 223, 10723
List the prime factors of 1414490904.
2, 3, 173, 37853
What are the prime factors of 36788365?
5, 7357673
List the prime factors of 83188428.
2, 3, 71, 251, 389
List the prime factors of 431961213.
3, 193, 746047
What are the prime factors of 25152455?
5, 23, 218717
What are the prime factors of 34646237?
1861, 18617
What are the prime factors of 37868095?
5, 17, 445507
What are the prime factors of 86571914?
2, 11, 13, 421, 719
What are the prime factors of 1022791857?
3, 227, 1501897
What are the prime factors of 260840788?
2, 13, 47, 106727
List the prime factors of 60807311.
71, 856441
What are the prime factors of 128712968?
2, 23, 699527
What are the prime factors of 1037868225?
3, 5, 13838243
List the prime factors of 189145983.
3, 13, 193, 1933
What are the prime factors of 5512785?
3, 5, 367519
List the prime factors of 87550218.
2, 3, 7, 59, 11777
List the prime factors of 30934095.
3, 5, 2062273
What are the prime factors of 9289983?
3, 3096661
List the prime factors of 830957595.
3, 5, 13, 4261321
List the prime factors of 1003675487.
79, 373, 34061
List the prime factors of 32710856.
2, 17, 19, 12659
List the prime factors of 528338343.
3, 13, 881, 15377
What are the prime factors of 1611244748?
2, 71, 79907
What are the prime factors of 104202937?
71, 103, 14249
What are the prime factors of 169702146?
2, 3, 317, 29741
List the prime factors of 34092340.
2, 5, 89, 107, 179
What are the prime factors of 6657021?
3, 7, 105667
List the prime factors of 529973625.
3, 5, 103, 13721
List the prime factors of 794325194.
2, 13, 23, 331, 4013
What are the prime factors of 23878617?
3, 7, 223, 5099
List the prime factors of 18823417.
31, 37, 16411
What are the prime factors of 30165806?
2, 11, 19, 72167
What are the prime factors of 4469743132?
2, 241, 4636663
What are the prime factors of 3433574369?
347, 1933, 5119
List the prime factors of 221393240.
2, 5, 43, 128717
List the prime factors of 49342286.
2, 7, 467, 7547
What are the prime factors of 418113267?
3, 11, 13, 73, 79
List the prime factors of 1012513225.
5, 811, 49939
List the prime factors of 5051581.
5051581
What are the prime factors of 15925151?
11, 47, 30803
List the prime factors of 67164997.
67164997
List the prime factors of 649977522.
2, 3, 29, 1181, 3163
List the prime factors of 27931095.
3, 5, 206897
What are the prime factors of 5199188694?
2, 3, 7, 2591, 47777
What are the prime factors of 1233927384?
2, 3, 51413641
List the prime factors of 4054438595.
5, 19, 42678301
What are the prime factors of 30188821?
13, 17, 136601
List the prime factors of 382325360.
2, 5, 4779067
List the prime factors of 5273772098.
2, 7, 257, 209393
What are the prime factors of 301423574?
2, 150711787
List the prime factors of 1003250836.
2, 7, 4951, 7237
What are the prime factors of 2456724680?
2, 5, 257, 353, 677
List the prime factors of 3937435419.
3, 2837, 462629
What are the prime factors of 627706860?
2, 3, 5, 11, 86461
List the prime factors of 1668295906.
2, 834147953
List the prime factors of 142168885.
5, 1777, 16001
List the prime factors of 48931379.
7, 439, 15923
List the prime factors of 315457311.
3, 13, 8088649
List the prime factors of 77539563.
3, 8615507
List the prime factors of 607049474.
2, 97, 3129121
List the prime factors of 1597081480.
2, 5, 19, 2101423
What are the prime factors of 76063006?
2, 1669, 22787
